 + 5*m = 30. Let d(w) = w + 1 - 2*w**2 + 4*w**3 - m - 3*w**3 - 4*w**2. Suppose 6 = -3*z + 4*z. Determine d(z).
1
Suppose -4*u = -2*y - 28, -3*u = 4*y + 3 + 9. Let b(q) be the third derivative of 0 + 3/2*q**3 + 29*q**2 + 7/24*q**4 + 1/60*q**5 + 0*q. What is b(y)?
3
Suppose 0 = -q + 4*z - 19, -3*q + 0*z - 12 = -3*z. Let c = 4 - q. Let g(l) = c*l + 5 - 1 + 0*l**2 + 0*l**2 - l**2. Determine g(5).
-6
Let u be (-2)/9 - 125/45. Let d be (-2 + 12)*u/(-5). Let s be (d - -4) + -1 - 2. Let h(l) = l**2 - 8*l + 8. What is h(s)?
1
Let l(h) = 28*h + 22. Let i(u) = -13*u - 11. Let f(v) = 9*i(v) + 4*l(v). What is f(5)?
-36
Suppose -3*w = -3, 0 = 4*g - 5*w + 2*w + 7. Let l(p) = 3*p**2 + p. Determine l(g).
2
Let v(w) = -w**3 + 5*w**2 - 3*w + 3. Let y(a) = 26*a**2 - 7*a**3 + 2*a**3 - 12*a - 3*a + 23 - 8. Let t(q) = -11*v(q) + 2*y(q). Give t(2).
-1
Let s(n) = -n**3 + 10*n**2 - 9*n + 2. Let u be s(9). Let d be (-5 + u)*(-22)/33. Let o(i) = 6 + i**3 + 2*i - 2 - 1 - 2*i**2 - 1. Give o(d).
6
Suppose 3*c = -5*s + s + 115, 2*s + 2*c - 60 = 0. Let l = s - 41. Let f = 16 + l. Let q(v) = v**2. Determine q(f).
0
Suppose -8 = -2*o + 55*k - 53*k, 2*o + 3*k - 3 = 0. Let s(d) be the first derivative of -d**4/2 + 5*d**3/3 - 5*d**2/2 + 3*d + 2. Give s(o).
-21
Suppose 11*f = -25*f - 180. Let p(t) = -3*t + 1. What is p(f)?
16
Let b(n) = n**3 - n**2 - 3. Let z = -650 + 650. What is b(z)?
-3
Let q(x) be the second derivative of x**3/6 + x**2 - 2*x. Let b = 288 - 286. Calculate q(b).
4
Suppose -15*d = 32 + 73. Let v(o) = 9*o + 63. Determine v(d).
0
Let v be (-5 - -7)*(-20)/10. Let u(m) = m**3 + 5*m**2 + 2*m - 3. Calculate u(v).
5
Let s(t) be the first derivative of t**2/2 - t - 30. What is s(8)?
7
Let y(d) be the first derivative of d**7/840 + d**6/180 + d**5/40 - 7*d**3/3 - 12. Let i(w) be the third derivative of y(w). Give i(-2).
-6
Let f(k) = -k**2 - 4*k + 7. Let s(i) = i**3 + 5*i**2 - 12*i + 8. Let v be s(-7). Let d be f(v). Let a(g) = -3*g - 1. Determine a(d).
14
Let z(u) = -4*u - u**3 - 13813*u**2 + 13819*u**2 + 0*u**3. What is z(4)?
16
Suppose 2*j = -84 + 90. Let a(u) = u**2 - 7. Give a(j).
2
Let q(u) = -7*u + 2. Let g(i) = -10*i + 1. Let x(d) = -3*g(d) + 4*q(d). Determine x(4).
13
Let v(f) = -2810*f + 1 + f**2 + 1408*f + 1409*f. Determine v(-5).
-9
Let q(g) = 5*g - 5*g**2 - 4*g**3 - g - 6 + 1 + 12. Let b(j) = -2*j**3 - 3*j**2 + 2*j + 4. Let x(z) = 5*b(z) - 3*q(z). What is x(2)?
11
Let g(z) = 4*z**2 - 7*z - 9. Let w(a) = a**2 - 3*a - 2. Let k(b) = -g(b) + 5*w(b). Give k(6).
-13
Let r(u) = -2*u**3 - 5*u**2 - 3*u - 1. Suppose -4*p = -20, s - 4*p + 11 = 4*s. What is r(s)?
17
Suppose 39*z - 40*z + 17 = 0. Let i(p) = -4*p + 57. Determine i(z).
-11
Let r(v) = 11*v - 12817*v**2 + 25637*v**2 + 2 - 12819*v**2. What is r(-5)?
-28
Let v = 9 + -6. Let g(n) = -n**v - 4*n**2 - 5 - 2*n - 3*n**3 + 3*n**3 + 2. Let q be (-2 - 10/(-3))*-3. What is g(q)?
5
Let g(v) be the second derivative of v**5/24 - v**4/24 + 3*v**3/2 - 10*v. Let l(m) be the second derivative of g(m). Determine l(1).
4
Let l(f) be the second derivative of -4/3*f**3 - 11*f + 0 - f**2. What is l(-3)?
22
Let b = 284 + -289. Let l(k) = -k - 4. Determine l(b).
1
Let s(g) = -5*g**3 + 8*g + 4*g**3 - 14*g**3 - 7*g. Determine s(-1).
14
Let j(w) = -w**2 + 3*w. Suppose 2 = 2*n, 2*n + 42 = s - 9. Suppose 5*r - s = 67. Suppose -3*o - r = -11*o. What is j(o)?
0
Let n(x) be the second derivative of -x**5/20 - x**4/12 - x**3/6 + x**2 + 59*x. Suppose 2*b = -4*h + 16, -2*b + b - 7 = -h. Determine n(b).
8
Let n(u) = -u**2 - 5*u + 1. Let g be 6/((-1)/((-25)/10)). Suppose 2*z - 3*f + g = 0, -5*z - 23 = -z + f. Give n(z).
-5
Let y = 3 + 13. Let d = y - 1. Let s be ((-4)/3)/((-10)/d). Let r(p) = 5*p - 2. What is r(s)?
8
Let a be 156/36 + (-2)/6. Suppose g = a - 1. Suppose -g*w = 4 + 2. Let b(v) = -4*v - 2. Determine b(w).
6
Let h(g) be the second derivative of -4*g + 0 + 2/3*g**3 - 1/2*g**2. Let j = -12 - -10. Give h(j).
-9
Let h = -4 - -9. Let c(p) = 7*p - 2. Let q(s) = -13*s + 2. Let j(v) = 7*v - 1. Let b(m) = 7*j(m) + 4*q(m). Let y(a) = 5*b(a) + 2*c(a). Give y(h).
-4
Let c(o) = o**3 + 6*o**2 + o - 7. Let p(b) = 2*b - 3. Let x be p(8). Let q = 7 - x. Let v(d) = 3*d + 13. Let u be v(q). Calculate c(u).
13
Let w(p) = p + 1. Let q be w(-1). Let y(a) = -2*a**2 + 9. Suppose 5 = -t + n + 2, -3*t + 5*n - 9 = 0. Let l(k) = -k**2. Let o(c) = t*l(c) + y(c). Give o(q).
9
Let k(y) = -y**2 - 6*y - 11. Suppose 126*d - 145*d = 152. What is k(d)?
-27
Let k(o) be the third derivative of o**5/60 - o**4/2 + o**3/3 - 138*o**2. What is k(10)?
-18
Let d(r) be the second derivative of 0 + 1/12*r**4 + r**3 + 16*r + 1/2*r**2. What is d(-3)?
-8
Let m = 206 + -198. Let k(g) be the first derivative of m*g + 2 + 1/3*g**3 - 7/2*g**2. What is k(6)?
2
Let l be -3*(1 + 12/3). Let p be (l/10)/((-3)/6). Let f(m) = -9*m - m**2 - p + 8 + 2*m. What is f(-7)?
5
Let k(q) = q**3 + 6*q**2 - 3*q - 40. Let o be k(-5). Let l(j) be the third derivative of -1/60*j**5 - j**2 + 0*j**4 + 0 + 0*j + 2*j**3. Calculate l(o).
12
Let l(p) = 14*p - 70. Let m(a) = 22*a - 106. Let x(y) = -8*l(y) + 5*m(y). Determine x(15).
0
Let q(a) = 22*a**2 - 2*a + 1. Suppose w = -5*y + 7*y - 9, 0 = 2*y - 10. What is q(w)?
21
Suppose 5*b = 10, 35*k = 36*k - b - 7. Let p(l) = 2*l - 18. Give p(k).
0
Let o(r) = -r**3 + 4*r**2 + r - 2. Suppose 0 = -4*p + 5*n + 59 + 10, 2*p - n - 27 = 0. Suppose 3*g = p - 2. Determine o(g).
10
Let v(d) = 3*d + d**3 + 7*d**2 + 0*d**3 + 0*d**2 - 10*d**2. Let i be 124/20 - 3 - (-6)/(-30). Calculate v(i).
9
Let s(r) = -116*r**3 + 11*r**2 + 12*r - 119*r**3 - 1 + 234*r**3. Give s(12).
-1
Let o(r) be the second derivative of r**6/360 - r**4/12 + 3*r**3/2 - r. Let f(a) be the second derivative of o(a). Give f(-3).
7
Let c = -32 + 34. Let q(n) = 1 - 8*n**3 - 1 - 240*n**2 + 242*n**c - n. Let b be (2*1)/(-2) + 2. What is q(b)?
-7
Let n(s) = s - 9. Let l = -25 - -52. Suppose -5*o = 2*f - l, 0*o - f = 2*o - 10. Determine n(o).
-2
Let t(l) = -l**2 - 8*l - 7. Suppose 5*y - 5 = -40. Calculate t(y).
0
Let o(v) = v**2 - 3*v - 12. Let i(x) = -x - 2. Let t be i(-1). Let s(q) = -1. Let r(g) = t*o(g) + 5*s(g). Calculate r(6).
-11
Let v(w) = -w + 1. Let u(o) = 7*o - 5. Let k(h) = u(h) + 6*v(h). Suppose 4*f - 5*g = 7, 3*f + 1 = -2*f + 3*g. Give k(f).
-1
Let z(g) be the third derivative of -g**7/2520 + g**6/720 - g**5/30 - 7*g**4/12 - 18*g**2. Let u(h) be the second derivative of z(h). Calculate u(4).
-16
Let o(a) be the first derivative of -a**6/360 - a**5/15 + 5*a**4/24 + a**3 + 10. Let n(s) be the third derivative of o(s). Give n(-6).
17
Let p(t) = -2*t + 2. Let u be (-2 - (-35)/15)*-15. Let r be ((-10)/(-2))/u*-23. Let v = 20 - r. What is p(v)?
8
Let k(j) = -j - 353 + 711 - 353. What is k(5)?
0
Let r(i) = -i**3 - 3*i**2 + i. Let w(o) = 6*o**3 + 14*o**2 - 4*o + 1. Let h(x) = -11*r(x) - 2*w(x). Calculate h(4).
2
Let u be (3*5/(-15))/((-4)/8). Let w(z) = 6*z - 8 + 3*z**2 - z**3 - 6*z**u + 2*z**3 + 10*z**2. Determine w(-6).
-8
Let u(s) be the second derivative of 5*s + 0 - 1/6*s**3 + 0*s**2. Suppose -6 = -5*p - 36. Determine u(p).
6
Let j(f) = -4*f + 9. Let s(q) = -10*q - 498. Let y be s(-50). Calculate j(y).
1
Suppose 2*g = -3*g - 40. Let w(j) = 3*j**2 + j + 1. Let h(f) = -f**3 + 13*f**2 + 8*f + 14. Let u(z) = -h(z) + 7*w(z). Determine u(g).
1
Let i be -4 - (-9 + 6 + -5). Let h(w) = 2*w**2 - w. Give h(i).
28
Suppose 5*y - 70 = 2*b, 0 = -14*y + 9*y + 4*b + 60. Let n(x) = -x**2 + 17*x - 19. Give n(y).
-3
Let q be 16/(-6)*(-3)/2. Suppose -q + 2 = -h. Let y(r) = h - r**2 - 8*r - 3 + 2*r**2 + r. What is y(6)?
-7
Let x(q) = q**3 - 10*q**2 - 27*q + 30. Let r be x(12). Let u(w) = 5*w**3 + 2*w + 8. Let h(p) = p**3 + p**2 + 1. Let c(a) = -6*h(a) + u(a). Calculate c(r).
-10
Let z = -511/6 + 256/3. Let s(a) be the third derivative of -a**2 + 0*a + z*a**4 + 1/120*a**6 + 1/10*a**5 + 0 + 1/3*a**3. What is s(-5)?
7
Let y(u) = -u**3 + 4*u - 3. Suppose 3*h - g + 2 = 0, -2*h - 2 = -3*h + 3*g. Let c = h + 3. Give y(c).
-3
Let a be (-1)/(1/(-3)) - 7/7. Let l(y) = 0 - 3*y**a + 0 - 3*y - y**3 + 0. What is l(-2)?
2
Let h(z) be the first derivative of -z**6/360 + z**5/24 - z**4/8 - 10*z**3/3 + 21. Let n(q) be the third derivative of h(q). Determine n(5).
-3
Let i(l) = 4*l**2 - 3*l + 1. Let c(m) = -13*m**2 + 8*m - 2. Let k(f) = 2*c(f) +